ite?
False
Suppose 453 = -k + 461. Suppose 35248 = k*b - 52504. Is b a composite number?
True
Suppose -b - 2*b = -5*w + 22, -4*w + b + 12 = 0. Let a be ((-32)/4)/(w/(-186)). Suppose -4*h = -3*r - 3265 + a, -5*r = h - 636. Is h a prime number?
True
Let o(s) = 624*s**2 - 102*s + 1001. Is o(9) a composite number?
False
Let r(b) = -2*b**3 + 3*b**2 - b - 3. Let z be r(-4). Suppose -2*d + 901 = -z. Suppose s - d = -v, v = -3*s + 5*v + 1631. Is s a prime number?
True
Suppose -2*a = -3*m - 3669, -5*m - 4003 - 3332 = -4*a. Suppose 0 = 5*w + 2*v + a, 0*v - 378 = w - 2*v. Let k = w + 571. Is k a prime number?
False
Let f(p) = 11296*p - 121. Is f(3) prime?
True
Let t be -4 + 52/16 + 45244/16. Suppose t = i - 16. Is i a prime number?
True
Let m be (-32)/6 + 420/180. Is (-1 + m - -3)/(10/(-12170)) composite?
False
Let u(t) = -7*t + 96. Let n be u(13). Is 2/(n + (-16815)/3365 + 0) prime?
True
Is 150500 - (-23 - (17 - 23)) prime?
True
Let t(v) = 7*v**2 + 62*v + 5105. Is t(106) composite?
True
Let w = -172 - -176. Suppose 3*p - 5*p = -4*c + 6804, 3*p = w*c - 6800. Is c prime?
False
Let r(o) = -8*o**2 - 2*o + 2. Let u be r(-2). Let b(d) = -54*d + 63. Let k(w) = 296*w - 315. Let n(a) = 11*b(a) + 2*k(a). Is n(u) a prime number?
False
Suppose -55*g + 109*g - 66*g + 1035228 = 0. Is g prime?
True
Let k(p) = 32*p**3 + 6*p - 3*p**3 - 77 + 65. Is k(5) a prime number?
True
Suppose 1013*k - 238381987 = 492*k. Is k composite?
False
Let l = -1706 + 1208. Let q = l + 1153. Is q a composite number?
True
Suppose 9 = 4*s + 21. Is (-115610)/(-5) - ((s - -5) + 3) composite?
False
Let s be (226/(-5))/((-3)/315). Let y(o) = o**2 - 18*o + 68. Let q be y(14). Is (-1 - -3)*s/q composite?
True
Suppose 0 = -3*q + 197 - 185. Let v(k) = 3 + 8*k**3 + k - 6*k + 6*k**2 - 3*k**2. Is v(q) prime?
False
Suppose -18*c + 13*c = -25. Suppose c*n + 8928 - 53168 = -5*w, -w + 44244 = 5*n. Is n a composite number?
False
Let t(w) = 2*w**2 - 49*w + 112. Let m be t(22). Suppose 5750 = -m*k + 33532. Is k a composite number?
True
Suppose 5*s - 9*s = j - 79157, 0 = -4*j + 4*s + 316748. Is j a prime number?
True
Suppose 2*o - 2*b = -40, 3*o = 30*b - 33*b - 36. Is 1/(-28)*o + 16610/14 a composite number?
False
Let b(p) = p**2 + 22 + 15 + p**3 + 17*p + 0*p**3 - 2*p**3. Is b(-16) composite?
True
Suppose 4 = j - 2*q, -2*j + q + 4 + 1 = 0. Suppose -k = -j*c - 106 + 5326, -5*k = -2*c + 5228. Is c a composite number?
False
Suppose 0 = -7*w + 171 - 10. Suppose -29*g - 24 = -w*g. Is (g - 18246/(-15)) + 12/20 prime?
True
Suppose 4*s + 2*g + 136 = -2*g, -4*s + 3*g = 108. Let f be ((-10)/(-4))/5*s + 0. Is (-15816)/f + 6/10 prime?
False
Let s(o) = 28*o**2 - 4*o - 15. Let w = -30 - -20. Let c be s(w). Suppose c = -5*r + 10*r. Is r prime?
False
Suppose 3*j = t - 5*t + 86, 0 = t - 5*j - 33. Suppose 4*q - t = -7. Suppose -q = -4*z, 0 = 5*g + z + 3*z - 2339. Is g a composite number?
False
Suppose 5142*t - 400386 = 5128*t. Is t prime?
False
Suppose 5*d + 401041 - 107774 = 2*m, 0 = 4*d + 4. Suppose 13*s = 9512 + m. Is s composite?
False
Is (((-182972)/(-6))/((-28)/(-42)))/1 a prime number?
False
Let j be 13*(95/10 + (-4)/(-8)). Let t = 39 + -14. Suppose -j = -5*y + t. Is y a composite number?
False
Suppose 6*i + 113994 = 1425180. Is i a composite number?
False
Suppose 3*z - 120 = -0*z. Suppose -4*c = 3*o + 6, -1 = 2*c + 2*o + 3. Suppose c = 3*x - z - 1979. Is x composite?
False
Is (-2099275)/(-25) - (-42)/(-3) prime?
False
Let i = -23 + 23. Suppose y - 2 + 0 = i. Suppose -y*x = 4*x - 690. Is x prime?
False
Suppose 2*o - y = 2*y + 30443, 0 = 5*o + 2*y - 76136. Suppose 66480 = 26*l - 329448. Suppose j + l = 5*f, -6*f + o = -f - 2*j. Is f prime?
False
Let h be ((-98)/(-4))/((-2)/4). Let g = h + 46. Is (2/g)/((-10)/3765) composite?
False
Suppose 3*y - 9 = 12. Suppose z - 3848 = -y*z. Suppose -l = -3*s + z + 1800, 3*s - 2279 = 2*l. Is s a prime number?
True
Let h(m) = -m**3 - 8*m**2 + 16*m - 93. Let p be h(-20). Let f = 9072 - p. Is f prime?
False
Let i(t) = 123*t**2 + 13*t - 16. Let x(b) = b**2 + 1. Let v(d) = i(d) - 3*x(d). Is v(-6) composite?
True
Let r be ((-62)/(-6))/((-12)/(-36)). Suppose 1280 - r = o. Is o prime?
True
Let g = 224 - 220. Suppose w - 3311 = -4*s, -g*w + 13164 = -4*s - 0*s. Is w prime?
False
Let u(l) = 42 + 86 - 22*l - 73*l + 24*l. Is u(-31) prime?
False
Let x(u) = 2*u**2 - 9*u - 48. Let b be x(-4). Suppose 5*s = -b, r + 3*s = 3*r - 37498. Is r a composite number?
False
Let x be (-442952)/(-10) - 9*13/585. Suppose -5*f = a - 8859, -2*a = -7*a - f + x. Is a a prime number?
False
Suppose -38*m - 130 = -39*m. Let j be m/35 + (-2)/(-7). Suppose 3*z + j*f = 913, -z - 80 = 2*f - 383. Is z a composite number?
False
Let j be (-114622)/(-11) + (-30)/165. Suppose j = 6*o - 12290. Is o a composite number?
True
Let p(b) = -57*b**3 - b**2 + 5*b + 2. Let t(r) = 2*r**3 - 14*r**2 - 2*r - 14. Let g be t(8). Let u = 95 - g. Is p(u) a composite number?
True
Is -1*35/(-7) - (-218224 - -2) a prime number?
True
Suppose -d - 4*a + 2158 = 0, -5*d - 2*a = -8781 - 2081. Is d prime?
False
Let r(j) = -j - 3. Let p be r(-3). Let n = 3661 + -3656. Suppose 8*m = -4*q + 5*m + 2624, -4*q + n*m + 2656 = p. Is q a composite number?
False
Let v(c) = -3*c**3 - c**2 - c. Suppose a = -4*a - 5. Let i be v(a). Suppose -2*s = -i*n + n + 1426, n + 4*s = 693. Is n prime?
True
Let d(z) = -376*z + 65. Let h be d(17). Let l = 11236 + h. Is l a composite number?
False
Let u(x) = 127*x + 176*x**2 - 23 - 61*x - 63*x. Is u(6) prime?
False
Let y = -5076 + 7691. Let x = 4768 - y. Is x composite?
False
Suppose 36872758 - 12032938 = 180*y. Is y a composite number?
False
Let q(i) = -970*i + 7. Let m be q(-4). Let z = 2037 - m. Let o = -1029 - z. Is o composite?
False
Is -205 + 474882 + 1 + 11 a prime number?
False
Suppose 4*b + b + 15 = 0, 4 = -4*t - 4*b. Suppose -2*a = -0*q + t*q - 1050, -3*q - 5*a = -1585. Let s = q - -23. Is s a composite number?
True
Suppose -6*x = -8*x + 96. Let r = 36 - x. Is 5/30 + (-29242)/r composite?
False
Suppose 2*o - 426 = 2*y, 4*o + 643 = -3*y + 3*o. Let z = y - -432. Is z prime?
False
Suppose -4*i - i - 1500 = -x, 1482 = x + 4*i. Suppose -x = -3*a + 1306. Suppose -4*p + 1103 + 763 = -h, a = 2*p - h. Is p prime?
True
Let v(m) = -264*m - 9. Let o(h) = 133*h + 5. Let s(l) = 11*o(l) + 6*v(l). Is s(-4) prime?
False
Suppose -6*w - 237 = -453. Suppose -w*i + 52*i = 17392. Is i a composite number?
False
Let i = 23574 + 26023. Is i prime?
True
Suppose 4*v - 3*v = 5*t + 2206, -5*t = -4*v + 8779. Let d = v + -432. Is d a prime number?
True
Let q be 1 + (-8 - (-1 + 0)). Let w(g) = -10*g**2 + 81*g + 80. Let d be w(9). Is (21*(-2)/q)/(d/(-47)) a composite number?
True
Let z(m) = 42*m**2. Let f be z(1). Suppose -5*v - f - 18 = 0. Is (354 + 2/v*2)*3 a composite number?
False
Let x be 8 - (-13)/195*0. Let f(i) = 2*i. Let k be f(1). Suppose -x*b = k*b - 1780. Is b prime?
False
Suppose 0 = -2*f + 82 - 110. Is ((-13466)/f)/(18/126) a prime number?
True
Let q be 3*-1*(9/(-9) - 222). Let v = q + -466. Is v a composite number?
True
Let r(z) = z**3 + 6*z**2 - 4*z - 12. Let j be r(-6). Suppose -j*w + 7*w = -10. Suppose w*b - 617 = 1437. Is b composite?
True
Suppose -9*t = -112421 + 1397. Let i = 19199 - t. Is i prime?
True
Suppose 0 = 21*t + 27841 + 9539. Let b = 3623 + t. Is b a composite number?
True
Let m(y) = y**2 + y - 94. Let z be m(9). Is (-36867*(-1)/(-12))/(z/16) a composite number?
False
Let i be 0 - -1*(5 - 59). Is (-12)/i*-6 - (-4753)/3 composite?
False
Suppose t + 5*n = 14869, t - 23041 + 8164 = -3*n. Let q = 22354 - t. Suppose 4*i + 2501 = q. Is i a composite number?
True
Suppose -122*w + 57200560 + 35297278 = 0. Is w a prime number?
True
Let n(i) = -i. Let y(x) = 698*x - 125. Let p(m) = -3*n(m) + y(m). Is p(14) prime?
True
Suppose 4*z = 5*f + 6*z - 9, 3*f - 12 = z. Suppose 2*n = -2*n - 5*b, 0 = 4*n + 3*b - 8. Suppose 0 = -v - f*w + 508, n*v - 1394 = -w + 1104. Is v composite?
False
Suppose v - 242272 = 5*q, 2*v - 418260 = 3*q + 66319. Is v a composite number?
True
Let g = 31844 + 17661. Is g a prime number?
False
Let g(o) = 9*o**2 + 2*o + 3 + 2*o + o. Suppose 5 = -c, 5*i + 4*c + 50 = c. Is g(i) a prime number?
True
Suppose 5*m = -m + 475806. Is m prime?
True
Suppose -39*f + 800319 = -0*f. Is f prime?
True
Let s be (-4)/(-14) + (-33)/(-7). S